t t be (1 - -3) + -17 + 18. Suppose -4*l - i = -0*i - 3, t*i + 17 = -4*l. Determine c(l).
-4
Let h(a) = a**3 + 2. Suppose -b - 2 = -3. Let r be (-1 + 0)*(-1 - b). Suppose f = -r*f. Calculate h(f).
2
Suppose -33 = 4*a + x, 0 = -2*a + 5*x + 9 + 2. Let i(q) = -5 - 115*q**2 + 114*q**2 - 6*q + 1. Determine i(a).
-11
Let v be (-5)/1 - (3 + -7 + -1). Let s(c) = -c**3 + c**2 - 21. Calculate s(v).
-21
Let j(z) = z - 4. Suppose 3*w = -3, -11*p + 7*p = w - 27. Determine j(p).
3
Let p be (-7)/(-3)*(-1 - -4). Suppose 3*c + 0*c - 3 = 0. Let d(z) = c - 8 + 1 + p - z. Determine d(1).
0
Let b(o) = 8*o - 1. Suppose 3*w - 7*w + 3*r = 85, -2*w + r = 41. Let k = -14 - w. Suppose 0 = -4*z - 4*h, k = -5*h - 0*h. What is b(z)?
7
Let r(z) be the second derivative of -z**4/12 + 2*z**3/3 - 2*z. Suppose 4*m - 3*n + 38 - 70 = 0, 4*n = 5*m - 41. Calculate r(m).
-5
Let q(n) = 2*n**2 - 4*n + 3. Let k be q(2). Let z(d) = 4*d - 2*d - 2*d**2 - d**3 - k*d. Calculate z(-1).
0
Let q = -46 + 57. Suppose x - 1 = -5*v, 3*v - q = x - 4. Let y(w) = -w**2 - w + 1. Calculate y(v).
-1
Let k(o) = -o**3 - 5*o**2 + 4*o - 8. Let s be k(-6). Let m be (1 - -6 - s) + -47. Let u be (-11)/m - (-1)/(-4). Let t(n) = n - 5. Determine t(u).
-5
Let d(q) = q + 2*q - 6*q. Let b(h) = h**3 - 4*h**2 + 2*h - 1. Let j be b(3). What is d(j)?
12
Let g(n) = 4*n + 105 - 205 + 98. Give g(-4).
-18
Let m = 192 - 188. Let k(w) = w**3 - 4*w**2 - w + 4. Calculate k(m).
0
Let p be (-48)/(-28)*56/(-16). Let f(d) = -d**3 + 0*d**2 + 5*d**2 + 0*d - 10*d**2 + 5*d. What is f(p)?
6
Let h(b) be the third derivative of -1/24*b**4 + 0 + 1/10*b**5 + 0*b - 1/120*b**6 - 16*b**2 - 1/6*b**3. Calculate h(6).
-7
Let h(m) = -m**2 + 6*m + 1. Suppose -47*t - 36 = -53*t. Give h(t).
1
Let b(z) = -z**2 - 5*z - 11. Let a = 2921 - 2926. What is b(a)?
-11
Suppose 4*c - c = -30. Let r = c + 12. Suppose f = r*f + 2. Let n(x) = x**3 + 2*x**2 - 2*x - 1. Determine n(f).
3
Suppose -60 = -22*y + 18*y. Let q(a) = -2*a + 34. Determine q(y).
4
Let i(d) = -d + 3. Let k be i(3). Let h = 9 + -5. Let c(q) = 1 - q + q**2 + 4*q + 4 - h*q. Determine c(k).
5
Let h(p) = -2*p**3 - 41*p**2 + 22*p + 28. Let v be h(-21). Let m(z) = z**2 - 7*z - 6. Calculate m(v).
-6
Let m(y) = y**3 - 2*y**2 + 2*y - 2. Let g be 1 + 4 + -1 + -1. Suppose 0 = -l + g - 4. Let b be 2/(l + -3 + 5). Give m(b).
2
Let q(h) = -63*h + 20*h + 30*h + 6 + 7 + h**2. Give q(9).
-23
Let y(v) = -v**3 + 3*v**2 + 5*v - 5. Suppose -43 = -8*g - 11. Calculate y(g).
-1
Let z(d) = 3*d + 8. Let h(k) = 3*k + 7. Let t(a) = -6*h(a) + 5*z(a). Suppose 4*r + 3 = -5*p, -3*p + 6 = -p + 4*r. What is t(p)?
7
Let s be (3 - 0)*4/(-6). Let x(b) = -7233*b + 1 - 7235*b + 14466*b. Calculate x(s).
5
Let d(n) = -6*n**2 + n - 3. Let s(z) = 13*z**2 - 2*z + 7. Let f(c) = 5*d(c) + 2*s(c). What is f(2)?
-15
Let s(m) be the second derivative of 5*m**4/3 + m**3/3 - m**2/2 + 9*m + 2. Determine s(1).
21
Let i = 217 - 213. Let n(l) be the third derivative of 1/24*l**i + 2/3*l**3 + 0*l + 0 + 3*l**2. What is n(0)?
4
Let s(h) be the third derivative of -1/60*h**5 - 5/24*h**4 - h**2 + 0*h + 7/6*h**3 + 0. Suppose 5*x = 2*x - 2*b - 26, 14 = x - 5*b. Calculate s(x).
1
Let l(q) be the second derivative of 3/2*q**2 + 1/20*q**5 + 0 - 1/6*q**3 - 5/12*q**4 + 8*q. Let f(b) = b - 4. Let c be f(8). Determine l(c).
-17
Let h = 737 + -733. Let a(i) = i + 1. Let v(q) = 6*q + 14. Let t(s) = 14*a(s) - 2*v(s). Let b(p) = 3*p - 21. Let m(r) = -5*b(r) + 7*t(r). Determine m(h).
3
Let z(n) = 8*n + 3. Let l(d) = -10*d - 2. Let s(k) = -2*l(k) - 3*z(k). What is s(-5)?
15
Suppose 5*b - 8 - 4 = v, 3*v - b = 6. Let n(h) = -4*h**2 + h + 2. What is n(v)?
-31
Suppose 16 = 4*q + 4. Suppose -4*g - 22 = -q*r, 2*r - 2*g - 9 = 5. Let x(s) = -s**2 + 10*s + 7. Let k(d) = d + 1. Let j(m) = 5*k(m) - x(m). What is j(r)?
4
Let n(i) = 10*i**3 - 22*i**2 - 14*i + 27. Let p(w) = -7*w**3 + 15*w**2 + 9*w - 18. Let u(m) = 5*n(m) + 7*p(m). Suppose f - 3 = 3. What is u(f)?
3
Suppose 6 = 2*g + 2*d, -2 - 1 = -3*d. Let w(v) = 5*v**3 + 2*v**3 - 2 + 3*v + v - 6*v**3 - 4*v**2. Determine w(g).
-2
Suppose 0 = 3*k - 4*l + 90, k - 3*k + 5*l = 67. Let d = k - -20. Let b(f) = -2*f - 9. Calculate b(d).
3
Let f(c) = -c**3 + 2*c**2 - c. Let l(h) = 2*h**2 - 2*h + 1. Let t be l(0). Determine f(t).
0
Let o(q) = -q. Let d(v) = -7*v - 2. Let l(p) = -d(p) + 6*o(p). Let g be (109 + -112)/(6/10). Calculate l(g).
-3
Let l(i) be the third derivative of i**4/8 - 11*i**3/6 - 21*i**2. What is l(2)?
-5
Let v(r) = -r**3 - 3*r**2 - 5*r. Let m(o) = o**2 + 2. Let b(c) = m(c) - v(c). Calculate b(-4).
-18
Let u(y) = -6*y + 1. Suppose 3*l - 3*h - 2 = 1, -3*l - 5*h = -11. Let f = 130 - 133. Let a(b) = -7*b + 2. Let j(q) = f*u(q) + l*a(q). What is j(-4)?
-15
Suppose -3*m + 4 = -5. Let r(k) = 14*k**3 + 9*k - 10*k**2 - 18*k - 15*k**m + 4. Determine r(-9).
4
Let n(z) = -z**3 - 2*z**2 + 2*z - 4. Let x be -2*(9/(-6) - -3) + 0. What is n(x)?
-1
Let w(k) = 7*k**2 - 3*k**2 - k + 2*k**2. Let b be (-6)/(-2 + 0/3) - 1. Let r be -1*b*(-1)/(-2). Determine w(r).
7
Let d(b) = 1 - 2*b - 2 - 1. Suppose 259 = 3*f - 4*c + 86, -c = 5*f - 273. Let o = 59 - f. Calculate d(o).
-10
Let p(l) = -19*l - 194. Let z be p(-10). Let j(k) = 3*k + 10. Give j(z).
-2
Let u(n) be the third derivative of -n**5/120 - 5*n**3/3 + 8*n**2. Let t(v) be the first derivative of u(v). Calculate t(6).
-6
Let q = -75 - -79. Suppose 4*o = 5*k - 14, -k = -q*o - 2*k - 26. Let p(v) = -v - 2. Calculate p(o).
4
Let g(b) = b**3 + 12*b**2 - 15*b - 8. Suppose 18 = -5*c - 3*j - 32, -8*c - 119 = -3*j. Determine g(c).
18
Let s(p) = 18*p**2 + 10*p + 22. Let c(g) = 11*g**2 + 6*g + 11. Let d(j) = -5*c(j) + 3*s(j). Give d(0).
11
Let h(c) = -2*c**3 - 9*c**2 + 7*c + 3. Suppose 24*g = 14*g - 50. Give h(g).
-7
Let m(f) be the first derivative of -f**3/3 - 5*f**2/2 - 4*f + 1. Let v be 52/(-65)*(-10)/4. Let l be -6*(v/(-4))/(-1). Determine m(l).
2
Let s = -43 + 51. Suppose 0 = s*n + 2*n + 10. Let v(l) = -6*l**3 + 2*l + 1. Calculate v(n).
5
Let k(q) = -q**3 - 9*q**2 + q + 6. Let t be k(-9). Let p(u) = 4*u**2 + 3*u - 4. Determine p(t).
23
Let u(s) = -s - 11. Let m be u(-15). Let f(v) = v**3 - 3*v**2 - 4*v. Determine f(m).
0
Let a(q) = 1. Let d(u) = -17*u + 4. Suppose 3*s - 4*c = 2*s - 1, -3*c = s + 1. Let z(v) = s*d(v) + 5*a(v). Give z(1).
18
Let l be 132/24 + (-2)/4. Let v(g) = 7*g + g + 14 - 4*g - l*g. Calculate v(6).
8
Let w(z) = 2*z - 1. Let o(f) = 4*f**2 - 1. Let a be o(1). Let u(c) = -c + 3*c**2 + 2*c**3 + 6*c**2 - 10 + 2*c**a - 3*c**3. Let d be u(-9). Calculate w(d).
-3
Let x = 2303 - 2305. Let z(a) = a**2 - 2*a - 3 + 0 + 0*a**2. Give z(x).
5
Let b(x) = -2*x**3 - 8*x**2 + 5*x + 13. Let k(q) = 6 - 4*q - 2*q**3 + q**3 + 6*q - 4*q**2. Let a(j) = 2*b(j) - 5*k(j). Give a(-4).
-4
Let x(r) = 12*r + 23. Let c(f) = 29*f + 49. Let o(p) = -3*c(p) + 7*x(p). What is o(5)?
-1
Let o(u) = 40*u**2 + 36. Let t(j) = j**2 + 1. Let w(y) = 2*o(y) - 72*t(y). Let h be w(-1). Let g = -5 + h. Let c(s) = -s**3 + 3*s**2 + 4. Calculate c(g).
4
Suppose 2*j - 16 = -5*k, 4*k - 8 = -4*j + 6*k. Let i = -1 + 2. Let a(v) = -3*v + 0*v + 2*v - i. Determine a(j).
-4
Let a(z) = z**2 + 8*z - 17. Suppose -3*v = -5*q + 9*q + 1, -38 = 4*v - 2*q. Determine a(v).
-24
Let a(v) = v**3 + 5*v**2 + 4*v. Let w(z) = -z**3 - 3*z**2 - 3*z. Let o(q) = 2*a(q) + 3*w(q). Calculate o(0).
0
Let v(a) = -a**3 - 6*a**2 - 7*a + 4. Suppose -28 = 5*o - 0*n - 2*n, 3*o - 4*n = -28. What is v(o)?
0
Suppose 20 = -5*o + o. Let i(t) = 5*t**2 + 10*t + 5. Let m(c) = 6*c**2 + 11*c + 6. Let h(r) = 5*i(r) - 4*m(r). Calculate h(o).
-4
Let b(o) = -o**3 + 2*o**2 - 1. Let d(q) = -5*q**3 + 3*q**2 + 7*q + 5. Let i(x) = 6*b(x) - d(x). Calculate i(8).
-3
Let t(y) be the third derivative of -y**5/60 - y**3/2 + 38*y**2. Give t(0).
-3
Let k(n) = n**3 + 3*n**2 - 2*n - 1. Let p = 357 - 361. Determine k(p).
-9
Let z(o) = 3*o**3 - 9*o**2 + 33*o - 11. Let s(x) = 2*x**3 + 2*x**2 + 2*x + 1. Let v(n) = 2*s(n) - z(n). Determine v(-15).
-2
Suppose 2*v = -5*g + 2*g + 23, v = -g + 9. Suppose 6 - g = m. Suppose 4 = -s - m. Let p(f) = -4*f - 6. Determine p(s).
14
Let k(u) = -u**2 - 6 - 9 - 7 + 4*u + 25. Suppose -4*m - 48 = -4*t, -4*t + 3*m + 26 = -2*t. Let l = 15 - t. Give k(l).
-2
Suppose 0*n - 3*n = 18. Let i(j) = -15*j**2 - 27*j - 10. Let k = -37 + 43. Let m(q) = 7*q**2 + 13*q + 5. Let